 - 3. Let m be r(5). Suppose -5*c = -2*w - 15, -22 = -3*c + 4*w - 13. What is the remainder when (m/(-9))/(3/9) is divided by c?
2
Suppose 3*g = 2*g - 4*k + 10, -5*g = 5*k - 110. Let z = 205 + g. Calculate the remainder when z is divided by 13.
10
Let f be (-1)/2*(-60)/2. Suppose -f = -3*t, -2*y + y - 2*t = -28. Let c(b) = -b**3 + b**2 + 32. What is the remainder when c(0) is divided by y?
14
Suppose -y - 3*i + 8 = 0, 2*y + y - 5*i + 32 = 0. Calculate the remainder when (-2 - y)/((-2)/(-76)) is divided by 4.
0
Suppose -176*g + 274 = 2*m - 172*g, -3*m = g - 391. What is the remainder when 2702 is divided by m?
122
Suppose -y = 18*n - 22*n - 115, -y + 105 = n. Let q(d) = -d**3 - 4*d - 2. What is the remainder when y is divided by q(-3)?
33
Let l = 21911 - 21748. Calculate the remainder when 12224 is divided by l.
162
Suppose 183*p - 182*p = -383. Let r = 436 + p. Let a(w) = 11*w**2 + 4*w - 5. What is the remainder when a(-4) is divided by r?
49
Suppose -2*i = -0*i + 6. Let k be (1 + 1)*(i - -4). Suppose 6*a = 2*a - k*g + 138, -a - g + 32 = 0. What is the remainder when a is divided by 8?
5
Let p = -16 + 21. Suppose -3*x = -0*x + 2*n + 136, 227 = -p*x - 3*n. Let v = 93 + x. Calculate the remainder when v is divided by 24.
23
Let t(w) = w**3 - 8*w**2 - 7*w + 44. Let y be t(7). Let o(m) = -m**3 + 8*m**2 - 5*m - 1. Calculate the remainder when y*(63/(-21) + 7/3) is divided by o(7).
10
Let f = -26 + -7. What is the remainder when (-10)/35 + f/(-21)*116 is divided by 31?
27
Suppose 3*y = l - 39, -3*y - 117 = 17*l - 20*l. Calculate the remainder when 61 is divided by l.
22
Suppose -3*n - 1487 = -4*q, -13*n + 383 = q - 10*n. Suppose -31*h = 64 - q. What is the remainder when 68 is divided by h?
8
Suppose a - 36 - 5 = 0. Calculate the remainder when 131 is divided by a.
8
Let v be (0 - 1 - 8) + 1. Suppose -2*s - 114 = 2*z - 5*z, 4*z - 5*s - 145 = 0. Calculate the remainder when (6/v)/((-2)/z) is divided by 9.
6
Let f(m) = m - 51. Let o be f(-9). Let x = o + 89. What is the remainder when 144 is divided by x?
28
What is the remainder when (4/(-14) - 0) + ((-645135)/21)/(-41) is divided by 245?
14
Let d = -13 - -18. Suppose -197*x + 192*x - 2*s + 151 = 0, 5*s = 40. What is the remainder when x is divided by d?
2
Let l(m) = 7*m - 3. Let s be (-8)/6*18/(-12). Suppose 2*y + 123 = v - s*y, -2*v = -5*y - 234. Calculate the remainder when v is divided by l(3).
17
Suppose 0 = -3*a + 3*j + 156, 3*j - 260 = 21*a - 26*a. Suppose 1800 = -7*n + a*n. What is the remainder when n is divided by 1?
0
Let u be (-3)/((42/4)/(-7)). Suppose 3*x = -u*x + 5*s + 35, 0 = 4*x + 2*s - 34. Let w(y) = y**3 - 6*y**2 - 15. What is the remainder when w(x) is divided by 30?
23
Suppose 152*n - 174*n + 19800 = 0. What is the remainder when n is divided by 21?
18
Let d(n) = -258*n + 8828. Calculate the remainder when d(33) is divided by 43.
13
Let t be 611/3 - ((-50)/(-15))/5. Suppose 2*h - 41 = 145. Let k = t - h. What is the remainder when k is divided by 28?
26
Let a be (((-126)/4)/9)/((-4)/(-736)). Let m = 697 + a. Calculate the remainder when m is divided by 18.
17
Let h(i) = 6 - 18*i - 7 + 1. Suppose -6*g - 51*g - 57 = 0. Calculate the remainder when h(g) is divided by 9.
0
Let c(g) = -g**2 - 8*g + 34. Let y be c(-23). Let p = y - -369. Calculate the remainder when p is divided by 12.
10
Suppose 4*j - 288 = 332. Let i = 356 + -351. Suppose i*a = 4*g + 244, a - 5*g + 280 = 6*a. What is the remainder when j is divided by a?
51
Suppose 11825 - 3661 = 52*n. What is the remainder when n is divided by 142?
15
Let z(c) = -2*c**2 + 4*c + 162. Let j be z(0). Suppose -164*l + j*l + 58 = 0. Calculate the remainder when 116 is divided by l.
0
Let p = -193 - -214. Suppose -p*b = -6*b - 375. What is the remainder when b is divided by 7?
4
Let m(x) = 9*x**2 + 120*x + 22. Let p(w) = -3*w**2 - 38*w - 7. Let k(c) = 2*m(c) + 7*p(c). Calculate the remainder when k(-6) is divided by 9.
7
Let m be 5/(-10) - 22/(-4). What is the remainder when 188 + (10 - m) + (3 - 1) is divided by 66?
63
Suppose -7*j = -9*j + 84. Suppose 2 + 7 = 3*f, -2*f + j = 2*p. What is the remainder when 8 is divided by 18/(-81) - (-94)/p?
3
Suppose 159*c = 185*c - 8502. What is the remainder when c is divided by 54?
3
Let t(y) = -522*y + 2. Let b be t(-1). Let n = b + -337. Calculate the remainder when n is divided by 47.
46
Suppose 12 = 2*n - 24. Suppose -3*p - 117 = -0*j - 2*j, 4*j = -p + 255. Let h = -56 + j. What is the remainder when n is divided by h?
4
Suppose 271*i - 137027 = 19611. Calculate the remainder when 580 is divided by i.
2
Let t = 25 + -18. Suppose -2*u - t*m = -4*m - 181, 0 = 3*u - 4*m - 280. What is the remainder when u is divided by 48?
44
Suppose -3*x = -3*b - 101 - 307, -x + 156 = 4*b. Calculate the remainder when 260 is divided by x.
120
Let c = 97 - 62. Suppose -4*b = -t - 4*t + 177, -c = -t + b. Suppose 6*q - t = 125. What is the remainder when 51 is divided by q?
24
Suppose -4250 = -2*s - 3*s. Suppose 7*z - s = 2*z. Calculate the remainder when z is divided by -1*1*(94 + -137).
41
Suppose 180*x - 182*x = 0, 2*x + 4 = 2*k. Suppose -4*z + 3*b + 137 = -31, 4*z - 148 = -k*b. What is the remainder when z is divided by 15?
9
Let u(k) = -4*k**3 - 6*k**2 + 8*k + 71. Let r be (-280)/(-6) - 11/(-33). Let x = r - 22. What is the remainder when u(-4) is divided by x?
24
Suppose 7*k - 74 + 378 = 15*k. What is the remainder when 2277 is divided by k?
35
Suppose h + 52 = 5*h. Suppose 2*r - 150 = -4*l, -l - r + 40 = 1. Calculate the remainder when l is divided by h.
10
Suppose 1131 = -477*r + 516*r. Calculate the remainder when 1041 is divided by r.
26
Let v = 4562 + -4516. What is the remainder when 822 is divided by v?
40
Suppose 3*d + 172 = -54*d + 2260 + 876. Suppose p - 55 = 200. What is the remainder when p is divided by d?
47
Let i(c) = 8*c**2 + 14*c + 1. Let y be i(-2). Suppose -34*r + 37*r - 309 = -3*g, y*g - 3*r = 507. Calculate the remainder when g is divided by (-2)/(2/35*-1).
32
Let v = 65 + -64. Suppose 0 = -j + v + 2. Suppose j*d = 4*o + 157, -5*d - o + 2*o = -290. What is the remainder when d is divided by 5?
4
Suppose 184 = 7*m + 23. Let i = -16 + m. Suppose -363 = -i*o + 463. Calculate the remainder when o is divided by 20.
18
Calculate the remainder when 621 - (737/(-335))/(2/(-10)) is divided by 131.
86
Suppose 2*h + 206 = 4*h. Suppose -2*s - g - 25 = -102, -63 = -2*s + g. Calculate the remainder when h is divided by s.
33
Suppose -23 - 2 = 5*l. Let w = 3 - l. Calculate the remainder when 19 is divided by w.
3
Let h = 269 + 1184. Calculate the remainder when h is divided by 16.
13
Let j(a) = 2*a**2 + 5*a - 82. Suppose -2*u = 3*t + 25, 2*t - 10 = 2*u + 40. What is the remainder when j(u) is divided by 69?
66
Let s(r) = -r**2 - 84*r - 220. Let p(y) = -11*y - 9. What is the remainder when s(-69) is divided by p(-7)?
67
Let y(c) = 2*c**2 - c. Let h be y(-1). Let v(p) = -p**h - 7 + 3*p**2 + 198*p - 189*p - 3. Calculate the remainder when v(4) is divided by 3.
1
What is the remainder when 23504344/6116 - (-1)/(-11) is divided by 214?
205
Suppose -304*r + 308*r = 3*m + 310, -4*r + 320 = 2*m. Calculate the remainder when 10741 is divided by r.
76
Let h(b) = b**2 + 32*b - 25. Let u be h(-31). Calculate the remainder when (-5 + (0 - u/6))*15 is divided by -11*(-5 - 2*-1).
32
Let h(g) = 48*g + 1957. Calculate the remainder when 2746 is divided by h(-36).
227
Let s(a) = -10*a**2 - 2*a. Let b be s(2). Suppose 4622 + 1 = 67*w. Let y = w - b. Calculate the remainder when y is divided by 29.
26
Calculate the remainder when 971 is divided by 16 + 10 + -14 + -3.
8
Suppose -19 - 21 = -4*g. Let m be (-4 - 0)/(-28) + (-25878)/42. Calculate the remainder when 6*2*(-11)/(m/266) is divided by g.
7
Let v(c) = 3*c + 27. Suppose 4*h - 3*t + 42 = 0, -2*h - t = 3*t + 32. What is the remainder when v(11) is divided by 8/h*39/(-2) - 0?
8
What is the remainder when 27 - (19 + -10 - 22) is divided by (70/9 - -2) + 16/72?
0
Suppose -2*j + 63 = j - 5*i, j + 3*i = 7. Let o(g) = 19*g + 102. Calculate the remainder when j is divided by o(-5).
2
Let d = 153 + -141. Let b = 24 + d. Calculate the remainder when 71 is divided by b.
35
Let x be (-34)/(5*(11/5 - 2)). Let g = -76 - x. Calculate the remainder when g*(14/(-3))/7 is divided by 